 -2*m - 2*m - o + 105 = f. List the prime factors of m.
5
What are the prime factors of -6*463*(-5)/10?
3, 463
List the prime factors of (48/(-9))/(-8)*165.
2, 5, 11
Let u(l) = -l**2 - 4*l + 15. Let k be u(-6). Suppose 2*b + f - 5 = -k*b, -3*b = 4*f - 3. List the prime factors of (b - -1) + (-2 - -32).
2
Let v = -14 + 11. Let t = v - -1. Let r(w) = -w**3 - 3*w - 5. What are the prime factors of r(t)?
3
Suppose 0 = -0*b + 2*b - 122. Suppose 114 = 2*h - 5*h. Let v = h + b. List the prime factors of v.
23
Suppose 0 = -w - 5*v + 2943, 2*w = -3*v - 2014 + 7879. What are the prime factors of w?
2, 3, 61
Let y(m) = -19*m + 53. Let s(t) = -9*t + 26. Let c(z) = -5*s(z) + 2*y(z). List the prime factors of c(9).
3, 13
Suppose 24*m + 39923 = 37*m. What are the prime factors of m?
37, 83
Let m(a) = 4*a + 7. Suppose 5*b - 29 - 6 = 0. What are the prime factors of m(b)?
5, 7
Suppose -125*o + 380418 = -54*o. What are the prime factors of o?
2, 3, 19, 47
Suppose -10 + 30 = 4*s. Suppose c - 545 = -s*u, 2*u + 3*c + 9 = 214. Suppose u = 5*r - t + 6*t, t = -4*r + 88. What are the prime factors of r?
2, 11
Let d(k) = -3*k + 1. Let u be d(3). Let r = u + -14. List the prime factors of (-5 - r) + -1 + 1.
17
Suppose -8*h + 1376 + 312 = 0. Suppose -5*d - 211 = -t, -h = -t - d + 2*d. What are the prime factors of t?
211
What are the prime factors of 2563/1 - (9 + -22 + 11)?
3, 5, 19
Let f(m) = m**3 + 14*m**2 - 31*m - 48. What are the prime factors of f(-11)?
2, 41
Suppose 4*w - 19 = 1. Suppose -4*j + 2*x + 154 = 0, 4*x = -w*j + 2*x + 188. What are the prime factors of j?
2, 19
Suppose 2*g = -133 + 945. Suppose 2*h = -5*h + g. List the prime factors of h.
2, 29
Suppose -3*r - 28 = -3*v - r, 50 = 5*v - 4*r. Suppose 0 = 4*b + v*b - 1310. List the prime factors of b.
131
Let h(r) = r + 6. Let s = -29 - -51. Suppose 4*v + 5*b - s = 1, 3*v + 4*b - 18 = 0. What are the prime factors of h(v)?
2
Suppose 2*c + 4*a - 216 = -c, 5*a = -c + 61. What are the prime factors of c?
2, 19
Suppose 4*x + 4*k + 124 = -1224, -4*k + 704 = -2*x. Let o = -183 - x. List the prime factors of o.
3, 53
Let h be 6/4*(-48)/(-18). Suppose h*t + 0*t = -100. What are the prime factors of (-861)/(-15) - (-10)/t?
3, 19
Let s = 337 + -75. List the prime factors of s.
2, 131
List the prime factors of 512/3 - 18/27.
2, 5, 17
Let w = -124 + 436. Let s be (w/9)/(12/18). What are the prime factors of 1755/s + (-2)/(-8)?
2, 17
Suppose -o - 23390 = -5*y + 4654, 0 = -y + 5*o + 5628. List the prime factors of y.
2, 701
List the prime factors of 6737/5 + (12 - (-744)/(-60)).
3, 449
Let d = 2391 - 1415. What are the prime factors of d?
2, 61
Let h(i) = -i**2 + 6*i. Let p be h(5). Suppose 2*v - 80 = -2*o, -3*o + o + p*v = -73. What are the prime factors of o?
3, 13
Let b(t) = 26*t**2 - 54*t + 47. What are the prime factors of b(-13)?
37, 139
Suppose -857*m + 78962 = -844*m. What are the prime factors of m?
2, 3037
Let s be ((-6)/(-8))/((-3)/(-4680)*5). Let i = s + -100. What are the prime factors of i?
2, 67
Let z be 1 - (3 + -91*2). Suppose -u + z = 2*u. What are the prime factors of u?
2, 3, 5
What are the prime factors of 1/(2/(-6)*(-6)/382)?
191
Suppose 3*g + g - 2*u - 628 = 0, 2*u = 0. Let j = -92 + g. List the prime factors of j.
5, 13
Suppose -3199 = -7*b + 16870. List the prime factors of b.
47, 61
Let x be -42*(-2 + (0 - 0)). Let p = x - -32. What are the prime factors of p?
2, 29
Let k = 541 - 346. What are the prime factors of k?
3, 5, 13
List the prime factors of ((-1)/4 - 469017/108)*-1.
43, 101
Let l(j) = j**3 + 7*j**2 - 10*j + 11. Let h be l(-8). Suppose 2*c - h = c. What are the prime factors of c?
3
Let z = 26 - -6. Let j be z/20 - 4/(-10). Suppose w - j = 3. What are the prime factors of w?
5
Let b = -15 + 25. Suppose j + 5*c = -b, -3*j - 4*c = 2*j - 13. Suppose -q + j*q = 108. What are the prime factors of q?
3
Suppose -q + 2 = 18. Let g be q/8 + 1 + 1. Suppose -5*j - 2*b - 2*b + 140 = g, -2*j + 56 = 2*b. What are the prime factors of j?
2, 7
Suppose 4431 + 737 = 8*a. List the prime factors of a.
2, 17, 19
Suppose -2*b = a - 13, -2*b - 7 = a - 4*b. Suppose a*w - 2*c = 147, 2*w - 3*c - 98 = -0*w. List the prime factors of w.
7
Suppose -3 - 11 = -2*i. Suppose -52 = -u - 2*j, 3*u - 2*j - 155 = -i*j. Suppose -4*x = -2 - u. List the prime factors of x.
13
Let o(q) = q**3 - 17*q**2 - 2*q + 36. Let g be o(17). Suppose -h + 30 = 4*h - 4*i, 0 = -g*i. List the prime factors of h.
2, 3
What are the prime factors of (-5 + 1)/((-7)/2870)?
2, 5, 41
Let d(g) = -g**3 - 18*g**2 - 18*g - 15. Let t be d(-17). Suppose -6*z + 592 = t*z. What are the prime factors of z?
2, 37
Let x(v) = v**3 + 8*v**2 + 6*v + 6. Let l be x(-7). Suppose -l*z + 502 = -239. What are the prime factors of z?
3, 19
Let k be 1/2 + (-7)/(-2). Let u be (4/6)/(k/6). Let j = 22 + u. List the prime factors of j.
23
Let s(u) = u**2 + 6*u + 13. Let n(m) = m**2 + 9*m + 6. Let o be n(-9). What are the prime factors of s(o)?
5, 17
Let x be 1*(1 + 0 + 1). Suppose 0 = -x*k + 32 - 2. What are the prime factors of (k/(-6))/(2/(-20))?
5
Let s be (-1)/3 - (-17)/(-3). Let d = 8 - -6. Let m = s + d. List the prime factors of m.
2
Suppose -4*j + 3*j - 2*c - 1 = 0, 3*j + 3*c = 0. Suppose 2*u = 5 + j. Suppose 0 = u*h - 0*h - 66. What are the prime factors of h?
2, 11
Let i = 2267 + -1543. List the prime factors of i.
2, 181
Suppose 3*b - 180 = n - 0*n, -5*n + 5*b - 860 = 0. Let u = 252 + n. What are the prime factors of u?
2, 3, 7
Let k(h) = 35*h - 55. Let j be k(14). Suppose 5*z + j = 8*z. List the prime factors of z.
5, 29
Suppose -3306 = -5*c + 2*z, -5*c + 1772 = -z - 1536. What are the prime factors of c?
2, 331
Suppose 10 = 4*z - 6. What are the prime factors of ((-44)/(z/1))/(-1)?
11
Let k(u) = 0*u**2 + 3*u**2 - 4*u**2 - u + 2*u - 1. Let f be k(0). List the prime factors of ((-164)/(-12) + f)*3.
2, 19
Let z(b) = -2*b - 7. Let v be (-1)/4 + 2343/44. Suppose -2*d = r + 11 + 14, -4*d + r = v. List the prime factors of z(d).
19
Let b(v) = -v + 1. Let g be b(-5). Suppose 15*m - 24 = 6. What are the prime factors of (92/g)/(m/6)?
2, 23
Let r = 2386 - 1405. What are the prime factors of r?
3, 109
Suppose -4*c + 897 = 3*x, 2*x - 192 = -2*c + 406. Let v = x + -114. What are the prime factors of v?
5, 37
Let h(f) = -f**3 + 4*f**2 - f - 2. Let g be h(3). Let q = -8 - -8. Suppose q = -g*d + 5*r + 88, -3*d + 2*d + r = -21. What are the prime factors of d?
17
Let u(m) = m**2 - 9*m + 175. What are the prime factors of u(0)?
5, 7
Suppose -11*h + 6*h + 1980 = 0. List the prime factors of (2/(-4))/((-18)/h).
11
Suppose 0*z + 3*i + 105 = 4*z, -2*z - 3*i = -75. Let t = z - 71. Let a = -5 - t. List the prime factors of a.
2, 3
Suppose -2 + 14 = 4*f. Suppose f*h = 5*n - 133 - 320, 0 = 4*n + 4*h - 388. List the prime factors of n.
3, 31
Suppose 155 = -4*u + 1707. What are the prime factors of u?
2, 97
Suppose -r - 3*n - 4 = r, 0 = -2*r - 2*n. Suppose 0 = j - r*j + 168. What are the prime factors of j?
2, 7
Suppose -105*a = -96*a - 513. List the prime factors of a.
3, 19
Let z = 619 - -463. List the prime factors of z.
2, 541
Let y(p) = 31*p - 18*p - 6*p - 10 + 7*p**2 - p**3. List the prime factors of y(7).
3, 13
Suppose v + 2*v = -2*r + 199, -4*v + 268 = 2*r. Suppose -2*l + v + 155 = 0. List the prime factors of l.
2, 7
Suppose -2*c - 4608 = -10*c. What are the prime factors of c?
2, 3
List the prime factors of 1328*(-4)/(-8) + (-4 - -6).
2, 3, 37
Let k(x) = -x**2 - 6*x - 10. Let c be k(-4). List the prime factors of (2/((-30)/249))/(c/10).
83
Let t = -241 + 357. List the prime factors of t.
2, 29
Suppose -4*f + 5088 + 256 = 0. Suppose 0*q + 4*q - f = 0. Suppose q - 109 = 5*l. What are the prime factors of l?
3, 5
Let m(a) = 159 - 21 + 4*a - 94. List the prime factors of m(-7).
2
Let c = 1146 - 429. List the prime factors of c.
3, 239
Let i(g) = g + 17. Let f be (2/6)/((-2)/78). Let w be i(f). Suppose -5*m - w*h = -178, m - 3*h = 14 + 33. List the prime factors of m.
2, 19
Suppose 2*m + 3*m - 13 = j, 0 = 4*m - 3*j - 17. Let a = 6 - m. What are the prime factors of a?
2
List the prime factors of (18/(-30) + (-3008)/(-5))*1.
601
Let r be 9 - (1 + (-3)/(-1)). Suppose -r*z + 54 + 151 = 0. What are the prime factors of z?
41
Suppose 11*v = 15*v + 32. List the prime factors of v*(-1 + 